o - 19, -5*d + 4*o + 24 = 0. Let u be (6/d)/((-24)/(-64)). Give m(u).
-7
Let x(s) be the second derivative of 4*s**3/3 + 3*s**2/2 + 2965*s. Suppose 5*m = -3*z - 3, -3*m + 6*m = 4*z + 4. Let h be 6/4*2/z. Determine x(h).
-21
Let x(t) = -t**2 + 3 + 5*t - 8*t + 4*t + 5. Suppose -f + 26 = -0*b + 2*b, -47 = -5*b + 2*f. Suppose 0 = -13*k + b*k. Calculate x(k).
8
Let s(q) = -3*q**2 - 5*q + 2. Let t(j) = -7*j**2 - 11*j + 4. Let c(x) = -9*s(x) + 4*t(x). Let a = -87 - -87. Suppose a = -9*p + 3*p. What is c(p)?
-2
Let u(o) be the first derivative of 17*o**2/2 - 123*o + 88. Let a be u(7). Let z(x) = -x**2 - 4*x - 3. Give z(a).
-3
Let z(r) = -r**3 - 4*r**2 + 2*r + 3. Let f be z(-5). Suppose -10 = -20*w + f*w. Let s(v) = v**2 - 12*v + 7. What is s(w)?
-28
Let m(s) = -19*s**3 + 20*s**2 + 77*s + 18. Let r(u) = 23*u**3 - 19*u**2 - 79*u - 17. Let y(z) = -6*m(z) - 5*r(z). Determine y(-22).
-1
Suppose -3*i + 14 = -4*q, -2*q + 37 = 3*i + 35. Let o(t) = -3*t + 7*t**2 - 4*t**i - 3*t**3 - t**3 + 2*t**3. Give o(2).
-10
Let x(m) = -m**3 - 15*m**2 + 34 - 10 + 27*m + 3*m + 10 - 29*m. Calculate x(-15).
19
Let p = -66 - -95. Suppose 28 = -z - 4*n, -5*z - 48 = -n + p. Let v = 23 + z. Let q(r) = -r**3 + 8*r**2 - 6*r - 9. Determine q(v).
-2
Let w be (1 - (-1)/(-2))*(-228)/(-38). Suppose -12 = -m + 3*m - 2*n, w*n = m + 16. Let j(q) = 2*q**2 - q - 2. Determine j(m).
1
Let w(a) be the first derivative of -a**3/3 - 2*a**2 + 7*a - 117. Let u be 9 - 21*10/35. What is w(u)?
-14
Let n(b) = -b - 37. Let c be (13284/287 - (-1 + (-9)/(-7)))/(-2). Calculate n(c).
-14
Suppose 0 = -3*n - 6, -1679 = -5*c + 11*n - 14*n. Let x(h) = -1 - 702*h + c*h + 350*h. Give x(-1).
14
Suppose 4492 = 6*w - 0*w + 4300. Let y(d) = 9*d - 296. What is y(w)?
-8
Suppose -5 = -l + 5*p - 0, -2*l = -4*p - 16. Let d(b) = 4*b**2 - 438*b + 432*b - 3*b**2 - l. Suppose -t - 3*w + 10 = 0, -3 = 2*t + 5*w - 22. What is d(t)?
-3
Suppose 2*y + 4*f + 214 = 192, 5*y - 53 = 2*f. Let n(r) = 3*r**2 + 10*r + 1. Let g(j) = 2*j**2 + 9*j + 1. Let d(b) = -4*g(b) + 3*n(b). Give d(y).
6
Suppose 1011 = -2*x + w + 983, -x - 24 = 2*w. Let y(s) = -7*s - 104. Determine y(x).
8
Suppose -5*l - t = -1511 + 12, l - 3*t = 303. Let n(o) = -301*o - l*o + 605*o - 9. Give n(4).
7
Let b(z) = 2*z + 5*z**2 - z - 3*z**2 - 2 + z**2 - 4*z**2. Calculate b(2).
-4
Let f be (-3 - (-35)/20)*(-1 + 5). Let d be 9/(-15)*1*f. Let w be d/(-9)*(-75)/5. Let i(b) = b**3 - 3*b**2 - 7*b + 3. Determine i(w).
18
Let m(f) be the first derivative of f**5/60 - 11*f**4/24 - 2*f**3 + 5*f**2/2 - 11*f - 201. Let z(r) be the second derivative of m(r). Calculate z(12).
0
Let q(d) = -d**3 + d + 4. Let b(w) = w**2 - 1. Let c(m) = -2*b(m) - q(m). Suppose 10*z = 13*z + 2*h - 5, 0 = -2*h - 4. What is c(z)?
4
Let b(o) = 3*o + 1. Let n(v) = 41. Let q be ((-60)/9)/(-20)*3*1. Let d(w) = q*n(w) - b(w). Calculate d(12).
4
Let u = -173 + 169. Let d be ((-120)/(-80))/(3/u). Let l(g) = -2 - 3*g - 4*g + 4*g. Give l(d).
4
Let w(g) = -g**3 - 5*g**2 + 5*g + 3. Let j(a) = 19*a - 37. Let b be j(2). Let z be (-190)/70 - (-4)/(-14). Let l be (z + 10)/(-1) + b. Calculate w(l).
9
Let y = 17 + -12. Suppose 29*f = 59*f - 90. Let k(i) = 3*i**3 + 4*i**3 - y*i**2 - 4*i**f - 4*i**3 + 5. Calculate k(-5).
5
Let s(x) = x**3 - 22*x**2 + 20*x + 28. Let v be (-13)/(-78)*54 - -12. Give s(v).
7
Let s(j) = -14*j - 4. Let k(q) = -10*q. Let t(p) = 2*k(p) - s(p). Suppose -4 = -2*i, 2*w - 10 = -5*i + 4. Give t(w).
-8
Let o(a) = 553*a - 3. Let p be o(0). Let i(w) be the third derivative of -w**4/8 - w**3/2 - 2*w**2. What is i(p)?
6
Let b(a) = a**3 - 3*a**2 + 6. Suppose -5*s + 43 = 3*l + 42, -s - 3*l = 7. Calculate b(s).
2
Let o(g) = -g - 8. Let y(j) = -j**3 + j**2 + j - 3. Let c be y(0). Let t be c/3 + -9 + -2. Let d be ((-12)/10)/(t/(-60)). Give o(d).
-2
Let t(k) = -6067*k**2 - 2 + 12051*k**2 + 2*k - 5979*k**2. Let g be (-4)/3*(-6)/4. Suppose 4 = -0*q + g*q. Give t(q).
22
Let h be 106/8 + 1*12/16. Let r(g) = 5*g**2 - 7*g - h*g**2 + 4*g**2 - 7 + g**3. Calculate r(6).
-13
Suppose -2896*v + 882 = -2882*v. Let m = -6 + 15. Suppose -v = -0*n - m*n. Let f(u) = 4*u - 6. Calculate f(n).
22
Let r(i) be the first derivative of 2*i + 1/3*i**3 + 3/2*i**2 - 1. Let s be (-6)/4*15/6*952/1785. What is r(s)?
0
Let h(n) = -6*n - 135. Let d(v) = 3*v**3 - 103*v**2 + 27*v + 216. Let a be d(34). What is h(a)?
-3
Let k(d) = d**2 - 5*d - 16. Let x(y) = -15*y + 225. Let j be x(15). Suppose 11*z + 6 - 94 = j. Calculate k(z).
8
Let r(o) = o**3 + 7*o**2 + 7*o + 6. Let q = -258 - -256. Let f(t) be the first derivative of -t**3 - 4*t**2 - 10*t + 2. Let d be f(q). What is r(d)?
0
Suppose -23 = 2*z - 125. Suppose 4*m - 28 = 2*f, 4*f + z = -0*f + 3*m. Let s be (11/(22/f))/2. Let r(a) = a**2 - 4. Give r(s).
5
Let k(r) = 110*r + 1. Let y be k(0). Let d(j) = 6*j**3. Determine d(y).
6
Let j(q) = -9*q - 17. Let v(t) = 20*t + 36. Let m(z) = -7*j(z) - 3*v(z). Give m(-3).
2
Let f(w) = 1387*w - 77 - 701*w - 669*w. Calculate f(5).
8
Let q = 13011 + -13006. Let y(d) be the third derivative of 1/24*d**4 + 0*d + 10*d**2 - 1/3*d**3 + 1/20*d**q + 0. Calculate y(-2).
8
Let w(q) = q**2 - 4*q - 66. Let g be w(11). Let a(p) = -37*p + 19 + 43*p - g. Let b(h) = 6*h + 6. Let s(m) = -3*a(m) + 4*b(m). Give s(-1).
-6
Let k(a) = a**2 + 4*a + 8. Let n(y) = y**2 + 3*y + 7. Let c(u) = -3*k(u) + 4*n(u). Let l(x) = -10*x + 73. Let j be l(7). Determine c(j).
13
Let j(h) = 682*h - 16 - 2039*h + 678*h + 678*h. Determine j(-8).
-8
Let o(f) = 10*f - 3. Let h = 117 + 121. Let v = 240 - h. Determine o(v).
17
Let r(n) be the second derivative of -2*n**2 - 1/2*n**3 + 0*n**4 + 59*n + 1/20*n**5 + 0. Calculate r(3).
14
Let n be -1*(-3 - -2)/(-1). Let t(s) = -22*s + 7*s - 15*s - 14*s + 54*s. Give t(n).
-10
Suppose 2*t + 1 = p, -4*t = 11*p - 14*p + 1. Let n(q) = -5*q - 15. Determine n(t).
-10
Let u(y) = y**2 - 3*y + 6. Let k be 4 + (1650/(-77) - 3/(-7)). Let j = -55 - k. Let o = -33 - j. Give u(o).
16
Let k(b) = 3*b - 2. Let s(f) = 3*f - 3. Let r(j) = -6*k(j) + 5*s(j). Suppose -6732 = -235*l - 5322. Calculate r(l).
-21
Let z(x) = x**2 + 9*x - 22. Let d be -17 + 17 - -1*35. Let c(v) = -v**3 + 35*v**2 - 6*v + 199. Let o be c(d). Calculate z(o).
0
Suppose -3*l + 29 = 23. Let m(r) = -10*r**2 + 1 - 2*r + 6*r**2 + r**3 + r**l. Let y be (-20)/7 + (-36)/(-42). What is m(y)?
-15
Suppose 2*p + 1 = -3*k + 24, 5*k = -4*p + 43. Let x(z) = 3*z + 5. Give x(p).
26
Let h(n) be the first derivative of -n**3 - 3*n**2 - 8*n - 1700. Calculate h(-3).
-17
Let h(d) = 3*d + 2. Let r(q) = q**3 + 8*q**2 - 10*q - 6. Let x be ((-20)/12)/((-15)/54). Let s(i) = i - 15. Let k be s(x). Let p be r(k). What is h(p)?
11
Let g(w) = 12*w + 86. Let z be g(-7). Let p(s) = 4472*s + 2*s**z + 1 - 4481*s - 3*s**2. What is p(-8)?
9
Let a(u) = 34*u - u**2 - 245 + 119 - 154. What is a(13)?
-7
Let d(g) be the first derivative of -g**2 - 108. Let i = 361 + -352. Determine d(i).
-18
Let a(h) = 42 + 7*h - 12*h + 3*h. Let w be a(23). Let t(l) be the first derivative of l**3/3 + l**2/2 + 18. Calculate t(w).
12
Let y be 9 - (3 - 4/(-1)). Suppose w + 2*w - 6 = 0. Let f(m) = 5*m**2 - y*m + m**2 + m**3 - 9*m**w. What is f(3)?
-6
Let b = -73 + 73. Let w(m) = 2*m**2 + 9*m - 9. Let u(j) = j**2 + 4*j - 4. Let q = -67 - -70. Let d(r) = q*w(r) - 7*u(r). Give d(b).
1
Suppose -7*a = 27 - 132. Let x(g) = a*g + g**2 + 4 - 6*g - 2*g - 11*g. What is x(4)?
4
Let o(a) = -7 - a + 0*a**2 - 5*a - a**2. Suppose -3*v + 4*t - 19 = 0, -5*t = -3*v - 9 - 11. Give o(v).
-2
Suppose x - 10*z = -7*z + 9, 4*x - 15 = 5*z. Let q(y) = 47 - 9*y + x*y + 7*y. Let g be q(20). Let r(u) = -u + 10. What is r(g)?
3
Let t(a) be the second derivative of a**5/20 - 9*a**4/4 - 5*a**3 + 20*a**2 + 337*a - 2. Give t(28).
-16
Let h(k) = -k - 1. Let g(f) = 131*f - 128*f - 4 - 14. Let x(q) = -g(q) - 5*h(q). Give x(-13).
-3
Let m(n) be the third derivative of 31*n**6/120 - n**5/20 + n**3/3 - 26*n**2. Let z be m(1). Suppose -2*d - z = -7*d. Let p(k) = k**2 - 9*k + 7. Determine p(d).
-11
Let h(p) be the first derivative of -p**2/2 - 51*p - 287. Give h(-36).
-15
Let x(f) = -13 + f - 4 + 4. Let v(n) = -n**3 + 8*n**2 + 2*n + 8. Let r be v(10). Let h = r - -182. Give x(h).
-3
Let y(a) be the third derivative of -a**5/60 - 5*a**4/6 - 17*a**3/6 - 3*a**2 + 232*a. Give y(-21).
-38
Suppose -3*c = l + 11, -c - c 